st common factor of 29 and 3277?
29
Calculate the greatest common factor of 1185 and 15.
15
What is the greatest common factor of 132 and 24?
12
What is the greatest common divisor of 9 and 3249?
9
Calculate the highest common factor of 8813 and 7.
7
What is the greatest common factor of 147 and 39739?
49
Calculate the greatest common factor of 407 and 37.
37
What is the highest common divisor of 1477 and 14?
7
What is the greatest common divisor of 3312 and 72?
72
Calculate the highest common divisor of 71 and 71.
71
Calculate the greatest common divisor of 420 and 1134.
42
Calculate the highest common divisor of 68 and 374.
34
What is the highest common factor of 3042 and 207?
9
What is the highest common factor of 144 and 54?
18
What is the greatest common divisor of 185 and 25?
5
What is the highest common factor of 11640 and 6?
6
Calculate the highest common factor of 2660 and 420.
140
Calculate the greatest common factor of 320 and 60.
20
What is the greatest common factor of 2310 and 1995?
105
What is the greatest common divisor of 36 and 558?
18
Calculate the greatest common factor of 38 and 3838.
38
Calculate the highest common divisor of 19 and 3.
1
Calculate the greatest common divisor of 45 and 3015.
45
What is the greatest common divisor of 10948 and 184?
92
What is the highest common divisor of 30 and 6?
6
What is the greatest common divisor of 627 and 228?
57
What is the highest common divisor of 3402 and 558?
18
Calculate the greatest common divisor of 14 and 15736.
14
Calculate the highest common divisor of 1442 and 28.
14
What is the highest common divisor of 51 and 408?
51
Calculate the greatest common divisor of 847 and 539.
77
What is the highest common factor of 2204 and 19?
19
Calculate the highest common divisor of 72 and 792.
72
Calculate the greatest common factor of 40 and 15.
5
What is the greatest common divisor of 957 and 87?
87
What is the highest common divisor of 2496 and 65?
13
Calculate the highest common divisor of 2884 and 56.
28
Calculate the greatest common divisor of 666 and 18.
18
What is the greatest common divisor of 492 and 36?
12
Calculate the greatest common factor of 16 and 28.
4
Calculate the greatest common divisor of 72 and 64.
8
Calculate the greatest common factor of 120 and 440.
40
What is the highest common factor of 2107 and 49?
49
Calculate the highest common factor of 825 and 2025.
75
What is the greatest common divisor of 6318 and 468?
234
Calculate the highest common divisor of 388 and 10282.
194
Calculate the highest common divisor of 55 and 297.
11
What is the greatest common divisor of 2905 and 35?
35
What is the highest common factor of 677 and 1?
1
What is the highest common factor of 12 and 768?
12
What is the greatest common factor of 325 and 26?
13
Calculate the highest common factor of 1512 and 630.
126
What is the highest common factor of 256 and 96?
32
Calculate the greatest common divisor of 200 and 1850.
50
Calculate the highest common divisor of 8 and 224.
8
Calculate the greatest common factor of 168 and 13125.
21
What is the greatest common factor of 77 and 45738?
77
Calculate the greatest common factor of 5883 and 265.
53
Calculate the highest common divisor of 32622 and 6.
6
What is the highest common factor of 329 and 7?
7
What is the greatest common divisor of 372 and 48?
12
What is the greatest common divisor of 28 and 1?
1
Calculate the greatest common divisor of 13 and 39.
13
Calculate the highest common factor of 57 and 133.
19
Calculate the greatest common factor of 5831 and 147.
49
Calculate the greatest common divisor of 336 and 84.
84
What is the highest common factor of 108 and 24?
12
Calculate the highest common factor of 55571 and 61.
61
Calculate the highest common factor of 17576 and 104.
104
Calculate the highest common divisor of 32 and 128.
32
What is the highest common divisor of 1950 and 120?
30
Calculate the highest common factor of 540 and 72.
36
What is the highest common divisor of 84 and 24?
12
What is the greatest common divisor of 50 and 20?
10
Calculate the greatest common factor of 19200 and 320.
320
Calculate the highest common factor of 410 and 2624.
82
What is the highest common factor of 126 and 3024?
126
Calculate the highest common factor of 35 and 2023.
7
Calculate the greatest common factor of 24 and 5384.
8
What is the highest common divisor of 9 and 5571?
9
What is the highest common factor of 31242 and 369?
123
What is the highest common divisor of 17083 and 33?
11
What is the greatest common divisor of 45 and 6147?
9
Calculate the highest common divisor of 3404 and 69.
23
Calculate the greatest common factor of 256 and 1.
1
Calculate the greatest common factor of 196 and 4564.
28
What is the highest common factor of 232 and 1102?
58
Calculate the greatest common factor of 90 and 1810.
10
Calculate the greatest common factor of 47 and 3008.
47
What is the highest common factor of 2 and 22846?
2
What is the highest common divisor of 1273 and 38?
19
What is the greatest common divisor of 672 and 7?
7
What is the greatest common factor of 34 and 901?
17
What is the highest common factor of 267 and 6?
3
What is the greatest common divisor of 112 and 728?
56
Calculate the greatest common factor of 159 and 265.
53
Calculate the greatest common divisor of 336 and 21.
21
What is the highest common divisor of 12 and 492?
12
Calculate the highest common divisor of 11252 and 348.
116
What is the highest common factor of 6 and 51?
3
What is the greatest common factor of 24 and 2048?
8
What is the greatest common divisor of 169 and 39?
13
What is the greatest common factor of 195 and 169?
13
What is the highest common factor of 12 and 858?
6
Calculate the highest common divisor of 486 and 18.
18
What is the highest common factor of 258 and 989?
43
Calculate the greatest common factor of 9 and 3.
3
What is the highest common divisor of 2 and 1894?
2
Calculate the highest common divisor of 28 and 532.
28
What is the greatest common factor of 1694 and 14?
14
What is the greatest common factor of 5448 and 24?
24
What is the greatest common divisor of 13412 and 28?
28
What is the highest common divisor of 105 and 133?
7
What is the greatest common factor of 91 and 1183?
91
Calculate the highest common divisor of 105 and 21.
21
Calculate the highest common factor of 36 and 3804.
12
Calculate the greatest common factor of 1276 and 8.
4
Calculate the highest common factor of 323 and 722.
19
Calculate the greatest common divisor of 93 and 806.
31
What is the highest common factor of 2448 and 765?
153
What is the greatest common divisor of 31 and 22413?
31
Calculate the greatest common divisor of 276 and 132.
12
Calculate the greatest common factor of 342 and 90.
18
Calculate the highest common divisor of 7475 and 65.
65
Calculate the greatest common divisor of 1170 and 468.
234
Calculate the greatest common divisor of 117 and 9.
9
What is the highest common divisor of 8 and 344?
8
Calculate the greatest common factor of 16714 and 1096.
274
What is the highest common factor of 28 and 11774?
14
Calculate the highest common factor of 1465 and 20.
5
Calculate the greatest common divisor of 6996 and 132.
132
Calculate the greatest common factor of 3536 and 64.
16
Calculate the highest common factor of 77 and 451.
11
What is the greatest common factor of 40 and 51320?
40
What is the greatest common factor of 2168 and 8?
8
Calculate the highest common divisor of 296 and 5994.
74
Calculate the greatest common factor of 20 and 145.
5
Calculate the highest common divisor of 14272 and 223.
223
What is the greatest common divisor of 65 and 1755?
65
Calculate the highest common divisor of 26 and 585.
13
Calculate the highest common factor of 3699 and 274.
137
What is the highest common divisor of 8127 and 756?
189
Calculate the greatest common divisor of 1095 and 15.
15
Calculate the highest common factor of 160 and 1840.
80
What is the greatest common factor of 224 and 104?
8
Calculate the greatest common divisor of 609 and 147.
21
What is the highest common factor of 1508 and 8?
4
What is the highest common divisor of 297 and 165?
33
What is the highest common factor of 1394 and 574?
82
What is the highest common divisor of 3321 and 369?
369
What is the gr